*3 + 10*o**2 + 20*o - 18. Let x(z) = -6*b(z) + 7*y(z). What is the remainder when x(17) is divided by 20?
19
What is the remainder when 35 is divided by -7 + (-1008)/54*12/(-7)?
10
Suppose -n - 8*x = -12*x - 28, -2*n - 3*x = -34. What is the remainder when 254 is divided by n?
14
Suppose a = 4*j + 3*a - 82, 6 = -2*a. What is the remainder when 59 is divided by j?
15
Suppose -3*k - 385 = -8*k. Let n = k - 28. Suppose -2*w + 9 = -n. Calculate the remainder when w is divided by 8.
5
Let n = -3 - -7. Suppose n*l - 82 + 6 = 0. Suppose 2*u + u + 4*q = 30, 3*q = 0. What is the remainder when l is divided by u?
9
Let v = 9 - 1. Suppose -v = -2*z - 0*z. Suppose 3*b = -3*m + 9, -z*m + 20 = 4*b - 2*m. What is the remainder when b is divided by 2?
1
Let l = -58 - -106. Suppose -z - 5*g = -l, 2*z + 168 = 7*z + g. Calculate the remainder when z is divided by 12.
9
Let s(z) = 5 - 2*z + 12*z - z**2 - 1. What is the remainder when 4 + (3 - -72) + 2*-1 is divided by s(8)?
17
Let o = -18 - -26. Suppose -4*u + 36 + o = 0. What is the remainder when 21 is divided by u?
10
Let b(o) = o**2 + 51*o + 619. Suppose 5*k - 2*d - 16 = 2, -5*k + 3*d + 17 = 0. Calculate the remainder when b(-19) is divided by k.
3
Let g(x) = x**3 - 8*x**2 + 2*x - 8. Let p(k) = k**2 + 7*k. Let d be p(-8). Let r be g(d). Let l = r - -15. Calculate the remainder when l is divided by 8.
7
Suppose -13*b - b = -28. What is the remainder when 3 is divided by b?
1
Suppose -4*k - 27 = -3*y - 176, 0 = -5*k + 10. Let j = 56 + y. Suppose 4*p - 2*t - 44 = 2*t, -5*p + 59 = -4*t. Calculate the remainder when p is divided by j.
6
Suppose 3*d = 5*k + 388, 6*k = -d + k + 96. Let v = 1665 - 1634. Calculate the remainder when d is divided by v.
28
Suppose -2*g - 2*g - n = -188, 5*g - 226 = n. Let t = g + -26. Calculate the remainder when 118 is divided by t.
18
Suppose -k + 5 = 1. Suppose k*w = -47 - 49. Let c = -12 - w. Calculate the remainder when c is divided by 7.
5
Let p(x) = 5*x - 11. Let o be p(9). Let y = o - -3. Calculate the remainder when y is divided by 14.
9
Let x(k) = k + 10. Let o be x(-3). Let p be (4 - o)*(-14)/(-3). What is the remainder when 19 is divided by 201/21 + (-6)/p?
9
Suppose u - 23 + 1 = 4*s, 5*s + 21 = u. What is the remainder when u is divided by 16?
10
Suppose w + 0*w = -69. Let i = -30 - w. Suppose -t + 0*t = -3*y + 41, -17 = -y - 3*t. Calculate the remainder when i is divided by y.
11
Let o(d) = -d + 3. Let b be o(3). Suppose b*t + t - 14 = 0. Let l(y) = -y**2 - 7*y - 6. What is the remainder when t is divided by l(-5)?
2
What is the remainder when 0 - (-1 - -4 - 65) is divided by 13?
10
Suppose 13 = 3*n - b + 5*b, 0 = 5*b - 5. Suppose n*k - 5 + 11 = 0. Calculate the remainder when 8/(58/28 + k) is divided by 23.
20
Suppose 0*z + 4*z = 744. What is the remainder when z is divided by 63?
60
Suppose -176 = f - 341. What is the remainder when f is divided by 42?
39
Suppose -t + 41 = 24. Calculate the remainder when 167 is divided by t.
14
Suppose -100 = 346*w - 350*w + 2*s, 5*w + 2*s = 143. Suppose 0 = 5*c - q + 19, -c - q + 3 = -2*c. Let r = 4 - c. What is the remainder when w is divided by r?
3
Suppose v - 219*b + 215*b = 7, 4*v + 2*b = 28. What is the remainder when 535 is divided by v?
3
What is the remainder when (-7)/(2 + 10*(-12)/56) is divided by 18?
13
Suppose 387 + 3653 = -5*w. Let k be (w/(-4))/(1 - -1). Suppose 5*n = 3*n + 3*l + 195, -n - 2*l + k = 0. Calculate the remainder when n is divided by 25.
24
Suppose -d - d + 300 = 5*t, 3*d = -15. Calculate the remainder when t is divided by (-6)/(-8) - (-243)/12.
20
Suppose -53 - 55 = -4*r. Let y(o) = -2*o**3 - 2*o**2 - 5*o - 4. What is the remainder when r is divided by y(-2)?
13
Let z = -1047 + 1091. Calculate the remainder when 304 is divided by z.
40
Let g = 72 + 108. What is the remainder when g is divided by 26?
24
Let h = -77 - -99. Let l(s) = 4*s + 19. What is the remainder when l(17) is divided by h?
21
Let y(d) = d**2 + 28*d - 48. Suppose -4*p + 3*p - l + 10 = 0, p + 4*l = -5. Suppose 2*t = 61 - p. Calculate the remainder when y(-31) is divided by t.
22
Let v = 5 + 15. Let b = -17 + v. What is the remainder when 43 is divided by ((2 - b) + 23)/2?
10
Suppose 8*h + 18 = 330. What is the remainder when 387 is divided by h?
36
Suppose -323 + 29 = -3*r. What is the remainder when 780 is divided by r?
94
What is the remainder when 40 is divided by ((-2)/(-12) + (-225)/(-90))*3?
0
Let h(t) = -2*t - 4. Let j be h(-3). Let p(f) = -2*f - f + j*f - 5. Calculate the remainder when 9 is divided by p(-9).
1
Let v(g) = 7*g + 171. Let y be v(-23). Let s(r) = -3 + 1 - 6 + 2*r. Calculate the remainder when 32 is divided by s(y).
8
Let x = -2 + 11. Suppose -5*g = 15*j - 19*j + 84, 4*j + 5*g = 44. What is the remainder when j is divided by x?
7
Let l(a) = -110*a - 131. What is the remainder when l(-6) is divided by 59?
57
Let n(h) = -h**3 - 2*h**2 - 5*h. Calculate the remainder when 90 is divided by n(-3).
18
Let j(t) = -t**2 + 12*t + 26. Calculate the remainder when j(12) is divided by ((-9)/(-6))/(2/20).
11
Suppose 0 = -39*m + 429 + 2262. Calculate the remainder when m is divided by (-15)/(-6)*8 + -2.
15
Calculate the remainder when 12/(-21) - (42266/(-49) - 2) is divided by 51.
48
Let w be (9/(-3))/(6/4). What is the remainder when 68 is divided by -2*7*(1 + w)?
12
Suppose -2*x = -104 - 294. Let w = -129 + x. Suppose 0 = 8*o - 6*o - 36. Calculate the remainder when w is divided by o.
16
Let t(v) = 8*v**2. Let y be (-23 - 2)/5 + 4. Calculate the remainder when t(y) is divided by 3.
2
Let r = -13358 - -13391. Let t = -290 + 417. Calculate the remainder when t is divided by r.
28
Let z(r) = -4*r - 8. Let k = -41 + 33. Calculate the remainder when 47 is divided by z(k).
23
Suppose 3*t = 31 - 1. Let d = t - 0. Calculate the remainder when 23 is divided by d.
3
Let c(q) = 3*q**2 - 8*q - 9. Let x be c(-4). Let m = -43 + x. What is the remainder when m - (-1 + 4 + -7) is divided by 17?
15
Let f = 200 + -196. Suppose -25 - 9 = -r - 3*q, -f*q - 102 = -3*r. Calculate the remainder when r is divided by (-1)/(((-4)/(-26))/(-2)).
8
Let v = 56 + 227. Calculate the remainder when v is divided by 92.
7
Calculate the remainder when 136 is divided by (-38)/(-3)*((-345)/(-30) - 1).
3
Let r(t) = t**3 - 3*t**2 + 3*t + 41. What is the remainder when 185 is divided by r(0)?
21
Let a(f) be the second derivative of -5*f**3/6 - 7*f**2/2 + 6*f. Suppose 4 = -3*n + h, 3*h = 2*n - 2*h - 19. What is the remainder when 30 is divided by a(n)?
6
Let r = -198 + 232. What is the remainder when 65 is divided by r?
31
Suppose 22 = 2*h + 6. Let u be 0 + (1 - 1) + 1. Let f = 6 - u. What is the remainder when h is divided by f?
3
Suppose -2 + 1 = -v - b, 12 = -4*b. Let l be 0 + 4 + v/4. Suppose 3*i - q = -i + 23, 0 = -l*i - 2*q + 19. What is the remainder when i is divided by 4?
1
Suppose 2*o - 3*o = 2*t - 25, -5*t + 40 = -2*o. Let n = t + 14. Calculate the remainder when (-706)/(-10) - (-4)/10 is divided by n.
23
Let l = 13 - 5. Let q(g) = g. Let n be q(-1). Let k = 30 + n. Calculate the remainder when k is divided by l.
5
Let w(c) = -33*c**2 - 42*c - 2. Suppose a + n - 10 = -n, -2*a + 28 = -4*n. Calculate the remainder when w(-1) is divided by a/10*15/6.
1
Let a(p) = 3*p + 1. Let d be (-2 + 5)/(-3) + 15. Let v be ((-8)/(-6))/(d/21). Calculate the remainder when 26 is divided by a(v).
5
Let k(d) = 10*d**2 + 7*d + 12. Let j be k(-4). Suppose -11 - j = -5*b. What is the remainder when b is divided by 8?
7
Let h = -18 + 17. What is the remainder when 61 is divided by h*12*8/(-12)?
5
Let u = 221 - 206. Calculate the remainder when 54 is divided by u.
9
Let r = -57 + 89. Let m = r - 2. Suppose 0 = -4*l + 6*l - m. Calculate the remainder when l is divided by 4.
3
What is the remainder when 3276/20 - 6/90*-3 is divided by 13?
8
Calculate the remainder when (-60)/8 + 8 - 397/(-2) is divided by 42.
31
Let o = 10 + -16. Let l = 10 + o. Let v = -5 + 10. What is the remainder when v is divided by l?
1
Suppose 0*p - 572 = -4*p. Let g = 46 - 43. Suppose 15 = g*i, 2*u - i - 5 - 62 = 0. What is the remainder when p is divided by u?
35
Let w(j) = -2*j**3 - 2*j**2 + 2*j. Let a be w(-2). Let n be 76 + (2 - 0/a). Suppose -n = -2*p - 0*p. What is the remainder when p is divided by 21?
18